{"id":119,"date":"2021-06-02T14:09:32","date_gmt":"2021-06-02T12:09:32","guid":{"rendered":"https:\/\/sunnu-loft.ritler.ch\/?page_id=119"},"modified":"2022-09-18T18:45:41","modified_gmt":"2022-09-18T16:45:41","slug":"impressum","status":"publish","type":"page","link":"https:\/\/sunnu-loft.ch\/fr\/impressum\/","title":{"rendered":"Impressum"},"content":{"rendered":"<h2 class=\"wp-block-heading\">Qui sommes-nous ?<\/h2>\r\n<h2>\r\n\r\n<\/h2>\r\n<p>L'adresse de notre site web est la suivante: https:\/\/sunnu-loft.ch.<\/p>\r\n<p>Cette page sert \u00e0 pr\u00e9senter notre appartement de vacances \u00e0 Wiler (L\u00f6tschen) et \u00e0 le r\u00e9server.<\/p>\r\n<h2>\r\n\r\n<\/h2>\r\n<h2 class=\"wp-block-heading\">Plans<\/h2>\r\n<p>Les sections de la carte proviennent d'Apple Maps ou de map.search.ch.<\/p>\r\n<h2>Icons<\/h2>\r\n\r\n\r\n\r\n<p>Ce site utilise des ic\u00f4nes de <a href=\"https:\/\/www.flaticon.com\/\">Flaticon<\/a> par les auteurs suivants: <a href=\"https:\/\/www.flaticon.com\/authors\/pixel-perfect\">pixel perfect<\/a>, <a href=\"https:\/\/www.freepik.com\">freepik<\/a>, <a href=\"https:\/\/www.flaticon.com\/authors\/phatplus\">phatplus<\/a>, <a href=\"https:\/\/www.flaticon.com\/authors\/good-ware\">good-ware<\/a>, <a href=\"https:\/\/www.flaticon.com\/authors\/uniconlabs\">Uniconlabs<\/a>, <a href=\"https:\/\/www.flaticon.com\/authors\/surang\">surang<\/a>, <a href=\"https:\/\/www.flaticon.com\/authors\/catkuro\">catkuro<\/a>, <a href=\"https:\/\/www.flaticon.com\/authors\/smashicons\">Smashicons<\/a>, <a href=\"https:\/\/www.flaticon.com\/authors\/becris\">becris<\/a>, <a href=\"https:\/\/www.flaticon.com\/authors\/wichai.wi\">Wichai.wi<\/a>, <a href=\"https:\/\/www.flaticon.com\/authors\/those-icons\">Those Icons<\/a>, <a href=\"https:\/\/www.flaticon.com\/authors\/darius-dan\">Darius Dan<\/a>, <a href=\"https:\/\/www.flaticon.com\/authors\/nikita-golubev\">Nikita Golubev<\/a><\/p>","protected":false},"excerpt":{"rendered":"<p>Wer wir sind Die Adresse unserer Website ist: https:\/\/sunnu-loft.ch. Die Seite dient der Vorstellung unserer Ferienwohnung in Wiler (L\u00f6tschen) und zu deren Buchung. Karten Die Kartenausschnitte stammen von Apple Karten oder map.search.ch. Icons Diese Seite verwendet Icons von Flaticon von folgenden Autoren: pixel perfect, freepik, phatplus, good-ware, Uniconlabs, surang, catkuro, Smashicons, becris, Wichai.wi, Those Icons,&#8230;<\/p>","protected":false},"author":1,"featured_media":745,"parent":0,"menu_order":0,"comment_status":"closed","ping_status":"closed","template":"","meta":{"footnotes":""},"class_list":["post-119","page","type-page","status-publish","has-post-thumbnail","hentry","pt-post-wrap"],"_links":{"self":[{"href":"https:\/\/sunnu-loft.ch\/fr\/wp-json\/wp\/v2\/pages\/119","targetHints":{"allow":["GET"]}}],"collection":[{"href":"https:\/\/sunnu-loft.ch\/fr\/wp-json\/wp\/v2\/pages"}],"about":[{"href":"https:\/\/sunnu-loft.ch\/fr\/wp-json\/wp\/v2\/types\/page"}],"author":[{"embeddable":true,"href":"https:\/\/sunnu-loft.ch\/fr\/wp-json\/wp\/v2\/users\/1"}],"replies":[{"embeddable":true,"href":"https:\/\/sunnu-loft.ch\/fr\/wp-json\/wp\/v2\/comments?post=119"}],"version-history":[{"count":12,"href":"https:\/\/sunnu-loft.ch\/fr\/wp-json\/wp\/v2\/pages\/119\/revisions"}],"predecessor-version":[{"id":748,"href":"https:\/\/sunnu-loft.ch\/fr\/wp-json\/wp\/v2\/pages\/119\/revisions\/748"}],"wp:featuredmedia":[{"embeddable":true,"href":"https:\/\/sunnu-loft.ch\/fr\/wp-json\/wp\/v2\/media\/745"}],"wp:attachment":[{"href":"https:\/\/sunnu-loft.ch\/fr\/wp-json\/wp\/v2\/media?parent=119"}],"curies":[{"name":"wp","href":"https:\/\/api.w.org\/{rel}","templated":true}]}}

<h2 class="wp-block-heading">Qui sommes-nous ?</h2>
<h2>

</h2>
<p>L'adresse de notre site web est la suivante: https://sunnu-loft.ch.</p>
<p>Cette page sert à présenter notre appartement de vacances à Wiler (Lötschen) et à le réserver.</p>
<h2>

</h2>
<h2 class="wp-block-heading">Plans</h2>
<p>Les sections de la carte proviennent d'Apple Maps ou de map.search.ch.</p>
<h2>Icons</h2>



<p>Ce site utilise des icônes de <a href="https://www.flaticon.com/">Flaticon</a> par les auteurs suivants: <a href="https://www.flaticon.com/authors/pixel-perfect">pixel perfect</a>, <a href="https://www.freepik.com">freepik</a>, <a href="https://www.flaticon.com/authors/phatplus">phatplus</a>, <a href="https://www.flaticon.com/authors/good-ware">good-ware</a>, <a href="https://www.flaticon.com/authors/uniconlabs">Uniconlabs</a>, <a href="https://www.flaticon.com/authors/surang">surang</a>, <a href="https://www.flaticon.com/authors/catkuro">catkuro</a>, <a href="https://www.flaticon.com/authors/smashicons">Smashicons</a>, <a href="https://www.flaticon.com/authors/becris">becris</a>, <a href="https://www.flaticon.com/authors/wichai.wi">Wichai.wi</a>, <a href="https://www.flaticon.com/authors/those-icons">Those Icons</a>, <a href="https://www.flaticon.com/authors/darius-dan">Darius Dan</a>, <a href="https://www.flaticon.com/authors/nikita-golubev">Nikita Golubev</a></p>

<p>Wer wir sind Die Adresse unserer Website ist: https://sunnu-loft.ch. Die Seite dient der Vorstellung unserer Ferienwohnung in Wiler (Lötschen) und zu deren Buchung. Karten Die Kartenausschnitte stammen von Apple Karten oder map.search.ch. Icons Diese Seite verwendet Icons von Flaticon von folgenden Autoren: pixel perfect, freepik, phatplus, good-ware, Uniconlabs, surang, catkuro, Smashicons, becris, Wichai.wi, Those Icons,&#8230;</p>
